-o + 4*b + 33348. What is the highest common divisor of o and 124?
124
Let v(o) = -o**3 + 23*o**2 + 10*o + 22. Let t be v(23). Let c = t + -229. What is the highest common divisor of c and 115?
23
Let i = -146 + 185. Suppose -660 = i*b - 42*b. Calculate the highest common factor of b and 20.
20
Let k(d) = -2*d**3 - 36*d**2 + 23*d + 44. Let s be k(-19). Let g = s + -259. Calculate the highest common divisor of 28 and g.
14
Let d(y) = -y**3 - 40*y**2 - 36*y + 153. Let g be d(-39). Let t(w) = w**3 + 9*w**2 + 17*w + 21. Let c be t(-6). Calculate the highest common divisor of c and g.
9
Suppose a = -n, 3*a = -0*a - n + 6. Suppose 17*q - 80 = -12. Suppose 2*t - 88 = -q*j, 4*j + 29 = -3*t + 119. Calculate the highest common divisor of a and j.
3
Let k(b) = 114*b + 409. Let t be k(-8). Let h = -435 - t. Calculate the highest common divisor of h and 34.
34
Let n(t) = -3*t + 4. Let p be 1 + (3 - (-7)/(28/(-16))). Let o be n(p). Let l be 3*(-1 - (0 - 1)*o). Calculate the greatest common factor of l and 9.
9
Let s = -8633 - -8932. Calculate the greatest common divisor of s and 117.
13
Suppose -42 = 5*o + 3*f, 17 = -2*o - 4*f - 11. Let i be 9/81*3 + (-298)/o. What is the greatest common divisor of 40 and i?
10
Let q be 12*(-24)/(-6)*(0 - (-8)/12). What is the greatest common factor of 6112 and q?
32
Suppose 0 = 53*v - 54*v + 46. Suppose -2*w + 5*w - 6 = 0. Suppose 2*r = -w*u + 136, -u + 206 = 3*r - 0*u. What is the highest common factor of r and v?
23
Let r be (1188/(-15))/((-96)/240). What is the highest common factor of 858 and r?
66
Suppose 0*y + 2*y + 527 = -o, y - 521 = o. Let z = o - -550. Calculate the greatest common divisor of z and 432.
27
Let r = 35 - 34. Let x be r*4/(-8)*-286. Let n(g) = g**3 - 16*g**2 - 17*g + 13. Let y be n(17). Calculate the highest common divisor of y and x.
13
Let m = -17041 - -31014. Calculate the greatest common factor of m and 471.
157
Let o(a) = -3*a**3 + 26*a**2 + 11*a - 13. Let z be o(9). Suppose -3*v + 144 = z*u, -5*v = -0*u - 3*u + 66. What is the greatest common divisor of 351 and u?
27
Let t = 4 + 17. Suppose 3978 + 1062 = 30*i. What is the highest common factor of t and i?
21
Let q(g) = 7*g**2 - 337*g - 3122. Let i be q(-10). Calculate the greatest common factor of i and 96.
12
Suppose -o + 506 = 2*o - 2*m, 4*o = 3*m + 675. Suppose 4*p + 2*g + 5 = 91, 0 = -3*g - 15. Calculate the highest common factor of p and o.
24
Let w(q) = -49*q + 10. Suppose -8*x = 8*x + 32. Let h be w(x). What is the highest common factor of h and 288?
36
Suppose -48 + 30 = 3*q. Let o(y) = y**2 + y - 18. Let h be o(q). Suppose 11*n + 22 = h*n. Calculate the greatest common divisor of 77 and n.
11
Let p(q) be the second derivative of 0 - 13*q + 1/6*q**3 + 23/2*q**2. Let v be p(-7). What is the greatest common divisor of 4 and v?
4
Let y = -25039 - -25073. Calculate the highest common factor of y and 16286.
34
Let l be ((-13)/(-4) - 2) + 9/12. Suppose 0 = -l*y - s + 225, 0*s = 5*y - 5*s - 555. Calculate the highest common divisor of 14 and y.
14
Let a(n) = -9*n - 11*n - 4 + 2 + 4. Suppose -10*j + 23 - 33 = 0. Let l be a(j). Calculate the highest common divisor of 22 and l.
22
Let u be 2/7 + (40872/168)/13. Calculate the greatest common divisor of 247 and u.
19
Let q = -18905 + 18916. Calculate the highest common factor of 22 and q.
11
Let b be (15 + -45)/(4/(-6)). Suppose -b = -29*g + 26*g. Suppose -2*r = -4*x - 22, 0*x - 14 = -2*r + 2*x. Calculate the highest common divisor of r and g.
3
Let w(n) = -156 - 47*n - 2*n**3 + 3*n**3 + 160 + 11*n**2. Let j be w(5). Calculate the greatest common divisor of 39 and j.
13
Suppose -2*b + 505 - 57 = 0. Let x be -1 + 1 - 5 - (-14)/(14 + -12). Suppose -x*u + 184 = -b. Calculate the greatest common divisor of u and 12.
12
Let s = 425 + -413. Suppose -s*x + 344 = -244. Calculate the highest common divisor of 1 and x.
1
Let y be 1 + 0 + 0 + 0. Let a be 28*y/(4/3). Suppose 0 = 5*p + 10, 5*u + 387 - 1219 = -4*p. Calculate the greatest common divisor of a and u.
21
Suppose 3*m = 4*m + 5*w + 65, -74 = 2*m - 4*w. Let f = 42 + m. Let x be 66 - (0 + f)/(-2 + 1). Calculate the greatest common factor of 21 and x.
21
Suppose -3*k = -3*v - 33, 5*k - 65 = -0*k + 3*v. Suppose -k*w = -2*w - 1568. Calculate the greatest common factor of w and 48.
16
Let i be -16 - (-2 - (-8 + 2)). Let b = 23 + i. Calculate the highest common divisor of 6 and b.
3
Let q be (-15 + (-693)/(-44))/((-2)/(-72)). What is the greatest common factor of 2187 and q?
27
Suppose 3*h = -27*l + 23*l + 180, 9 = h + 7*l. Calculate the greatest common factor of h and 6184.
8
Let v be -52 - (9/15)/(7/(-70)). Let o be -3 + v/(-16) + (-342)/(-48). Calculate the highest common factor of o and 4.
1
Let t = -284 - -284. Suppose -9*k + 6*k + 69 = t. What is the greatest common divisor of 69 and k?
23
Let j(c) = 154*c**2 - 3*c + 6. Let x be j(2). Let m be (-2)/(-15) - x/(-105). Let l be (-2)/(-8) - (-70)/8. Calculate the highest common divisor of l and m.
3
Suppose 0 = t - 5*g - 15, 3*t + 2*g = 7*g + 15. Suppose t = -261*i + 258*i + 6. Calculate the highest common factor of i and 18.
2
Let j = -213 + 624. Suppose 3*y - j = -9*c + 12*c, -5*y - 5*c = -635. What is the highest common divisor of 22 and y?
22
Suppose -106*m = -105*m - 6, -4*j + 3*m = -5882. Calculate the greatest common divisor of 25 and j.
25
Let f be (624/2 - 14) + 3. Calculate the highest common factor of f and 42.
7
Let m = -170 + 175. Suppose -5*n = -2*d - 2*d - 283, m*d - 15 = 0. Calculate the greatest common divisor of 59 and n.
59
Suppose 0 = -2*b, 3*w + 118*b - 115*b - 4860 = 0. What is the greatest common divisor of w and 100?
20
Suppose -234 - 966 = -10*k. Let f = 399 + -327. Calculate the highest common factor of f and k.
24
Let x = -17789 - -17814. What is the greatest common factor of x and 3455?
5
Suppose 5*o - 135 = -3*p, 97 = -45*o + 48*o + 5*p. What is the greatest common divisor of 1896 and o?
24
Let x = -2003 + 2453. What is the highest common divisor of x and 135?
45
Let u = -278 + 292. Suppose -2*s - 3*s = 5, w = -4*s + u. What is the greatest common factor of w and 36?
18
Suppose 3*p = 2*p + 60. Suppose 33*g - 45 = 18*g. Suppose -g*j + 144 = -3*v - v, 3*v = 0. What is the highest common divisor of p and j?
12
Let i be (-3)/(-4) - (933/(-4) + 4). Let y = i - 580. Let b = y + 493. Calculate the greatest common factor of b and 13.
13
Suppose 0 = o + 2 + 5. Let x = 5 - o. Let h = 2736 + -2724. What is the highest common factor of h and x?
12
Let q = 369 - 549. Let z be (117/(-15))/(54/q). What is the highest common divisor of z and 234?
26
Let l be 5 + (-1 - 2 - 1). Let h(s) = 2 + 256*s + 72*s - 9 - 2. Let a be h(l). Calculate the greatest common divisor of a and 29.
29
Suppose 23*d + 846 = 13*d + 28*d. What is the greatest common factor of 3431 and d?
47
Let m(d) = -41*d + 117. Suppose -2*f + 3*b = -2*b - 14, -f + 5 = -2*b. Let c be m(f). What is the greatest common divisor of c and 30?
30
Let v be (1 + (-18)/12)*8. Let i be 6/16 - v/((-352)/(-46167)). Calculate the greatest common divisor of 75 and i.
75
Let u be 2 - (-5254 + (-11 - -20)). What is the greatest common divisor of 99 and u?
99
Suppose -13*j = -2*j - 33. Suppose -j*l = -7*l + 76. What is the highest common divisor of 19 and l?
19
Let v(h) = -h**3 + 21*h**2 - 41*h - 32. Let t be v(5). What is the highest common divisor of 21353 and t?
163
Suppose 69*c - 59346 = -57*c. What is the greatest common divisor of 6 and c?
3
Let r be ((8/24)/((-6)/18))/((-2)/168). Suppose 2*u = s - 5*s + 240, -2*s = 2*u - 232. Calculate the highest common factor of r and u.
28
Let h = 11 - 10. Suppose 3*k = -r - 3*r - h, -2*r = 8. Suppose -k = -n + 5*v + 38, -v = -4*n + 248. What is the greatest common divisor of 7 and n?
7
Let l(n) be the second derivative of -n**3/2 + 16*n**2 - 25*n. Let s be l(-7). Let t = 117 - s. What is the highest common divisor of 4 and t?
4
Let h = -17 + 18. Let q be h - 0/(0 + 1). Let r be (-2)/(-8)*q*92. Calculate the greatest common factor of r and 184.
23
Let j(x) = -x + 3. Let s(u) = u - 5. Let y(p) = -5*j(p) - 6*s(p). Let m be y(6). Let n be 11 - ((2 - 0) + 0). Calculate the highest common factor of n and m.
9
Let u(n) be the second derivative of 13*n**4/6 - n**3/6 + n**2 - 2*n - 13. Let c be u(1). What is 